{"id":2701,"date":"2020-04-23T15:21:11","date_gmt":"2020-04-23T13:21:11","guid":{"rendered":"https:\/\/www.cateringladespensa.com\/?page_id=2701"},"modified":"2020-04-23T15:21:11","modified_gmt":"2020-04-23T13:21:11","slug":"condiciones-generales","status":"publish","type":"page","link":"https:\/\/cateringladespensa.com\/?page_id=2701","title":{"rendered":"Condiciones generales"},"content":{"rendered":"<p style=\"text-align: justify;\"><strong>CONDICIONES GENERALES SERVICIO CATERING ONLINE<\/strong><\/p>\n<p style=\"text-align: justify;\"><strong>SISTEMA DE VENTA<\/strong><\/p>\n<p style=\"text-align: justify;\">El cliente podr\u00e1 adquirir el producto por tres medios:<\/p>\n<h4 style=\"text-align: justify;\"><span style=\"color: #008000;\"><strong>&#8211; INTERNET:<\/strong> <span style=\"color: #000000;\">nuestra tienda on-line a trav\u00e9s del carrito de la compra<\/span><\/span><br \/>\n<span style=\"color: #008000;\"><strong>&#8211; TELEF\u00d3NICAMENTE:<\/strong> <span style=\"color: #000000;\">llamando a los tel\u00e9fonos: <strong><span style=\"color: #0000ff;\">670335439<\/span> \/<span style=\"color: #0000ff;\"> 963634991<\/span><\/strong><\/span><\/span><br \/>\n<span style=\"color: #008000;\"><strong>&#8211; WHATSAPP:<\/strong> <\/span><strong><span style=\"color: #0000ff;\">670335439<\/span><br \/>\n<\/strong><\/h4>\n<ul>\n<li style=\"text-align: justify;\">Puede hacer tu pedido con antelaci\u00f3n, ya que no trabajamos como una TAKE WAY al uso, todo lo elaboramos al momento.<\/li>\n<li style=\"text-align: justify;\">Nuestro servicio de comida a domicilio la ofrecemos de JUEVES A DOMINGO de 12:30 horas a 15:30 horas.<\/li>\n<li style=\"text-align: justify;\">El pedido m\u00ednimo son 15 \u20ac y no cobramos ning\u00fan coste por transporte siempre que el reparto se realice a los c\u00f3digos postales que indicamos.<\/li>\n<li style=\"text-align: justify;\">Si realiza su pedido en el d\u00eda, debe hacerlo antes de las 12,30 horas (recuerde que lo hacemos todo al momento).<\/li>\n<li style=\"text-align: justify;\">El pago lo puede realizar al contado o con tarjeta a la persona que te lo entregue.<\/li>\n<li style=\"text-align: justify;\">Es conveniente repasar el pedido al recibirlo.<\/li>\n<li style=\"text-align: justify;\">Los precios de todos los productos expuestos en la p\u00e1gina web llevan incluidos el I.V.A. y\u00a0cualquier otro impuesto o tasa aplicable.<\/li>\n<\/ul>\n<h3 style=\"text-align: center;\"><a href=\"https:\/\/www.cateringladespensa.com\/tienda\"><strong>IR A LA TIENDA ONLINE<\/strong><\/a><\/h3>\n","protected":false},"excerpt":{"rendered":"<p>CONDICIONES GENERALES SERVICIO CATERING ONLINE SISTEMA DE VENTA El cliente podr\u00e1 adquirir el producto por tres medios: &#8211; INTERNET: nuestra tienda on-line a trav\u00e9s del carrito de la compra &#8211; TELEF\u00d3NICAMENTE: llamando a los tel\u00e9fonos: 670335439 \/ 963634991 &#8211; WHATSAPP: 670335439 Puede hacer tu pedido con antelaci\u00f3n, ya que no trabajamos como una TAKE WAY [&hellip;]<\/p>\n","protected":false},"author":1,"featured_media":0,"parent":0,"menu_order":0,"comment_status":"closed","ping_status":"closed","template":"","meta":{"footnotes":""},"class_list":["post-2701","page","type-page","status-publish","hentry"],"_links":{"self":[{"href":"https:\/\/cateringladespensa.com\/index.php?rest_route=\/wp\/v2\/pages\/2701","targetHints":{"allow":["GET"]}}],"collection":[{"href":"https:\/\/cateringladespensa.com\/index.php?rest_route=\/wp\/v2\/pages"}],"about":[{"href":"https:\/\/cateringladespensa.com\/index.php?rest_route=\/wp\/v2\/types\/page"}],"author":[{"embeddable":true,"href":"https:\/\/cateringladespensa.com\/index.php?rest_route=\/wp\/v2\/users\/1"}],"replies":[{"embeddable":true,"href":"https:\/\/cateringladespensa.com\/index.php?rest_route=%2Fwp%2Fv2%2Fcomments&post=2701"}],"version-history":[{"count":0,"href":"https:\/\/cateringladespensa.com\/index.php?rest_route=\/wp\/v2\/pages\/2701\/revisions"}],"wp:attachment":[{"href":"https:\/\/cateringladespensa.com\/index.php?rest_route=%2Fwp%2Fv2%2Fmedia&parent=2701"}],"curies":[{"name":"wp","href":"https:\/\/api.w.org\/{rel}","templated":true}]}}